is the units digit of 678276800?
0
What is the tens digit of 1216981114?
1
What is the ten thousands digit of 409771243?
7
What is the tens digit of 1107721324?
2
What is the tens digit of 1869894269?
6
What is the millions digit of 291444549?
1
What is the units digit of 6685349039?
9
What is the tens digit of 1461962098?
9
What is the millions digit of 595938255?
5
What is the units digit of 33409748?
8
What is the millions digit of 135455798?
5
What is the thousands digit of 255130105?
0
What is the hundred millions digit of 1202261925?
2
What is the millions digit of 821019638?
1
What is the units digit of 3819264619?
9
What is the tens digit of 945193492?
9
What is the ten thousands digit of 2436664?
3
What is the hundred thousands digit of 116266968?
2
What is the hundred thousands digit of 276540668?
5
What is the tens digit of 213599717?
1
What is the units digit of 73385406?
6
What is the hundred thousands digit of 45630851?
6
What is the tens digit of 62648275?
7
What is the units digit of 99684886?
6
What is the hundred millions digit of 144069346?
1
What is the ten millions digit of 475439373?
7
What is the ten thousands digit of 276272434?
7
What is the hundred thousands digit of 100355009?
3
What is the ten thousands digit of 127618547?
1
What is the billions digit of 2753131256?
2
What is the hundreds digit of 13180874?
8
What is the millions digit of 46566281?
6
What is the units digit of 1397803852?
2
What is the ten thousands digit of 212679971?
7
What is the millions digit of 699319141?
9
What is the thousands digit of 537953626?
3
What is the billions digit of 5941692969?
5
What is the thousands digit of 100844477?
4
What is the hundred thousands digit of 743190048?
1
What is the thousands digit of 815098315?
8
What is the thousands digit of 434836629?
6
What is the ten thousands digit of 1341645546?
4
What is the thousands digit of 2269559246?
9
What is the hundreds digit of 39356569?
5
What is the tens digit of 352873210?
1
What is the thousands digit of 137071480?
1
What is the ten thousands digit of 454581999?
8
What is the units digit of 45972062?
2
What is the ten millions digit of 3244674423?
4
What is the millions digit of 53807852?
3
What is the hundreds digit of 744048586?
5
What is the tens digit of 395426776?
7
What is the tens digit of 833451843?
4
What is the millions digit of 3076220210?
6
What is the ten millions digit of 1015949966?
1
What is the millions digit of 229596723?
9
What is the ten millions digit of 48305013?
4
What is the ten thousands digit of 81155670?
5
What is the units digit of 453573863?
3
What is the ten thousands digit of 77187165?
8
What is the hundred thousands digit of 38571124?
5
What is the hundred millions digit of 262892340?
2
What is the hundred thousands digit of 5183754536?
7
What is the thousands digit of 55863682?
3
What is the hundred thousands digit of 161333717?
3
What is the hundred thousands digit of 778127783?
1
What is the ten thousands digit of 331913691?
1
What is the hundred thousands digit of 717877?
7
What is the thousands digit of 726979562?
9
What is the hundreds digit of 359265204?
2
What is the thousands digit of 112960746?
0
What is the ten millions digit of 822877748?
2
What is the units digit of 6118307802?
2
What is the thousands digit of 60077047?
7
What is the tens digit of 1638428940?
4
What is the hundred thousands digit of 1291955922?
9
What is the thousands digit of 201731657?
1
What is the hundred millions digit of 153159394?
1
What is the hundred thousands digit of 24132418?
1
What is the hundred millions digit of 232374309?
2
What is the units digit of 829926941?
1
What is the millions digit of 197267236?
7
What is the ten thousands digit of 369119630?
1
What is the hundred thousands digit of 167029626?
0
What is the ten thousands digit of 290902995?
0
What is the hundred thousands digit of 1224407168?
4
What is the thousands digit of 21268865?
8
What is the hundred millions digit of 620536936?
6
What is the ten millions digit of 157565088?
5
What is the units digit of 50213273?
3
What is the hundreds digit of 62859337?
3
What is the thousands digit of 45886701?
6
What is the millions digit of 1085831243?
5
What is the hundred thousands digit of 45220015?
2
What is the hundred millions digit of 149705659?
1
What is the hundred thousands digit of 141925305?
9
What is the thousands digit of 285906647?
6
What is the hundred thousands digit of 1069327977?
3
What is the billions digit of 2652553204?
2
What is the hundred thousands digit of 854913437?
9
What is the hundred thousands digit of 688482746?
4
What is the ten millions digit of 38941650?
3
What is the hundreds digit of 1138736935?
9
What is the hundred thousands digit of 74217530?
2
What is the ten millions digit of 32872861?
3
What is the ten millions digit of 849490307?
4
What is the units digit of 183122589?
9
What is the hundreds digit of 68427123?
1
What is the units digit of 519492708?
8
What is the ten thousands digit of 652804263?
0
What is the thousands digit of 7143652?
3
What is the billions digit of 3551375424?
3
What is the hundred thousands digit of 880640021?
6
What is the ten millions digit of 589602122?
8
What is the billions digit of 7738818477?
7
What is the ten thousands digit of 110406966?
0
What is the thousands digit of 58087251?
7
What is the thousands digit of 7033878?
3
What is the hundred millions digit of 136627038?
1
What is the tens digit of 51042842?
4
What is the tens digit of 85310309?
0
What is the hundred thousands digit of 5622239246?
2
What is the ten millions digit of 133374206?
3
What is the tens digit of 1335408104?
0
What is the hundreds digit of 53224477?
4
What is the tens digit of 398092123?
2
What is the hundreds digit of 2907338686?
6
What is the hundred thousands digit of 815171748?
1
What is the tens digit of 241102741?
4
What is the ten millions digit of 905606490?
0
What is the ten millions digit of 119513170?
1
What is the hundred millions digit of 2908254296?
9
What is the hundred thousands digit of 770110706?
1
What is the units digit of 4009451165?
5
What is the tens digit of 1477456926?
2
What is the ten millions digit of 17966060?
1
What is the ten millions digit of 30661273?
3
What is the hundred thousands digit of 15682494?
6
What is the ten thousands digit of 2061522273?
2
What is the hundred thousands digit of 5858974323?
9
What is the thousands digit of 172010227?
0
What is the millions digit of 2393095465?
3
What is the hundreds digit of 1037768471?
4
What is the ten millions digit of 55777622?
5
What is the units digit of 469035448?
8
What is the tens digit of 317216143?
4
What is the tens digit of 7745674562?
6
What is the millions digit of 92782540?
2
What is the ten thousands digit of 1224220045?
2
What is the hundred thousands digit of 99656597?
6
What is the hundred thousands digit of 642695469?
6
What is the units digit of 860329723?
3
What is the hundreds digit of 362124369?
3
What is the ten thousands digit of 51850003?
5
What is the tens digit of 88980788?
8
What is the units digit of 64683181?
1
What is the ten thousands digit of 720386?
2
What is the millions digit of 587791544?
7
What is the units digit of 264685582?
2
What is the thousands digit of 28487255?
7
What is the ten thousands digit of 493571573?
7
What is the ten thousands digit of 105177325?
7
What is the hundreds digit of 127873882?
8
What is the units digit of 71952466?
6
What is the ten thousands digit of 1391847368?
4
What is the thousands digit of 50647783?
7
What is the units digit of 178107906?
6
What is the hundreds digit of 95655845?
8
What is the hundred thousands digit of 596865725?
8
What is the units digit of 207007953?
3
What is the tens digit of 1783589025?
2
What is the hundred thousands digit of 2882441542?
4
What is the hundreds digit of 166641985?
9
What is the tens digit of 27001024?
2
What is the hundred thousands digit of 202802800?
8
What is the thousands digit of 2798724410?
4
What is the ten thousands digit of 1081625597?
2
What is the hundred thousands digit of 665940471?
9
What is the ten thousands digit of 1012873542?
7
What is the units digit of 322261147?
7
What is the millions digit of 266904579?
6
What is the units digit 